emainder when 79164 is divided by 26145.
729
What is the remainder when 274814 is divided by 44858?
5666
Calculate the remainder when 16831794 is divided by 5610562.
108
Calculate the remainder when 18969222 is divided by 4849.
4783
Calculate the remainder when 58505 is divided by 3799.
1520
What is the remainder when 24526 is divided by 4902?
16
What is the remainder when 5564382 is divided by 231849?
6
Calculate the remainder when 55924 is divided by 5370.
2224
Calculate the remainder when 397267 is divided by 407.
35
What is the remainder when 410916380 is divided by 473?
468
Calculate the remainder when 742471 is divided by 11.
4
What is the remainder when 602560 is divided by 4334?
134
Calculate the remainder when 3485729 is divided by 201.
188
Calculate the remainder when 4857767 is divided by 152.
151
What is the remainder when 89152680 is divided by 841063?
2
Calculate the remainder when 305982657 is divided by 17.
14
Calculate the remainder when 442443 is divided by 1236.
1191
Calculate the remainder when 325804 is divided by 14807.
50
What is the remainder when 11880 is divided by 1663?
239
What is the remainder when 12969185 is divided by 11?
9
Calculate the remainder when 2752250 is divided by 145.
5
Calculate the remainder when 59408 is divided by 3488.
112
Calculate the remainder when 113022008 is divided by 2097.
2096
What is the remainder when 541452 is divided by 2880?
12
Calculate the remainder when 697808 is divided by 9.
2
What is the remainder when 1073907 is divided by 1073905?
2
What is the remainder when 1038612 is divided by 519103?
406
Calculate the remainder when 186880 is divided by 5840.
0
Calculate the remainder when 49292 is divided by 280.
12
What is the remainder when 346185 is divided by 173051?
83
Calculate the remainder when 5336354 is divided by 166761.
2
What is the remainder when 495222 is divided by 4374?
960
Calculate the remainder when 298248 is divided by 915.
873
Calculate the remainder when 6853459 is divided by 183.
109
What is the remainder when 14399496 is divided by 654522?
12
Calculate the remainder when 192095 is divided by 1262.
271
What is the remainder when 539445 is divided by 435?
45
Calculate the remainder when 146885 is divided by 16290.
275
Calculate the remainder when 365283 is divided by 395.
303
Calculate the remainder when 1304328 is divided by 217364.
144
What is the remainder when 1064048 is divided by 188?
156
What is the remainder when 166891 is divided by 20702?
1275
Calculate the remainder when 325386 is divided by 9316.
8642
What is the remainder when 25493 is divided by 10536?
4421
What is the remainder when 1321721 is divided by 35721?
44
What is the remainder when 415309 is divided by 317?
39
What is the remainder when 153269 is divided by 38275?
169
Calculate the remainder when 73747200 is divided by 40080.
0
What is the remainder when 10119851 is divided by 19?
14
Calculate the remainder when 77191931 is divided by 224.
187
What is the remainder when 80712958 is divided by 1280?
1278
What is the remainder when 25546 is divided by 1614?
1336
Calculate the remainder when 615236 is divided by 47325.
11
Calculate the remainder when 149493227 is divided by 47976.
11
What is the remainder when 7128886 is divided by 6650?
86
Calculate the remainder when 897471 is divided by 18.
9
Calculate the remainder when 523559 is divided by 8873.
52
Calculate the remainder when 415626 is divided by 97.
78
Calculate the remainder when 158762 is divided by 48.
26
What is the remainder when 38493059 is divided by 521?
16
What is the remainder when 947719 is divided by 337?
75
What is the remainder when 342328 is divided by 1125?
328
Calculate the remainder when 241203 is divided by 2521.
1708
Calculate the remainder when 809138 is divided by 42584.
42
Calculate the remainder when 80179 is divided by 11142.
2185
Calculate the remainder when 5996986 is divided by 2091.
2089
What is the remainder when 210533 is divided by 30066?
71
Calculate the remainder when 84774187 is divided by 99.
91
Calculate the remainder when 170770883 is divided by 143.
140
What is the remainder when 13792035 is divided by 6896011?
13
What is the remainder when 8378307 is divided by 27?
18
Calculate the remainder when 439638 is divided by 146451.
285
What is the remainder when 93762 is divided by 656?
610
Calculate the remainder when 1031510 is divided by 1031417.
93
What is the remainder when 22448 is divided by 7393?
269
Calculate the remainder when 5615277 is divided by 99.
96
Calculate the remainder when 777018 is divided by 7.
4
What is the remainder when 40119 is divided by 38735?
1384
What is the remainder when 39225 is divided by 12862?
639
What is the remainder when 55109171 is divided by 79?
35
What is the remainder when 26308 is divided by 163?
65
What is the remainder when 208570 is divided by 69493?
91
Calculate the remainder when 58662159 is divided by 79.
77
Calculate the remainder when 70107 is divided by 13633.
1942
What is the remainder when 2656879 is divided by 2265?
34
Calculate the remainder when 35398803 is divided by 545.
508
What is the remainder when 602891 is divided by 301426?
39
Calculate the remainder when 2651954 is divided by 339.
296
What is the remainder when 1964979 is divided by 1515?
24
Calculate the remainder when 93209605 is divided by 264800.
5
What is the remainder when 286870 is divided by 15094?
84
Calculate the remainder when 1149814 is divided by 2411.
2178
What is the remainder when 80057040 is divided by 2277?
2274
What is the remainder when 354467 is divided by 16867?
260
Calculate the remainder when 21490114 is divided by 4.
2
Calculate the remainder when 685862 is divided by 89.
28
What is the remainder when 175626 is divided by 237?
9
What is the remainder when 870500 is divided by 664?
660
What is the remainder when 1464767 is divided by 2984?
2607
What is the remainder when 493666 is divided by 17613?
502
What is the remainder when 40123446 is divided by 40123424?
22
What is the remainder when 250372 is divided by 648?
244
Calculate the remainder when 1071151 is divided by 269.
262
What is the remainder when 94644 is divided by 18921?
39
Calculate the remainder when 185446199 is divided by 408.
407
What is the remainder when 2460993 is divided by 615242?
25
Calculate the remainder when 2805512 is divided by 211.
56
What is the remainder when 16102486 is divided by 3216?
3190
Calculate the remainder when 41458 is divided by 41086.
372
What is the remainder when 278877 is divided by 136854?
5169
What is the remainder when 1210007 is divided by 1896?
359
Calculate the remainder when 21612945 is divided by 891.
849
Calculate the remainder when 21213988 is divided by 63.
61
Calculate the remainder when 14532564 is divided by 201841.
12
What is the remainder when 147587 is divided by 73693?
201
What is the remainder when 27561255 is divided by 57?
45
Calculate the remainder when 1226170 is divided by 245214.
100
What is the remainder when 3524714 is divided by 729?
728
Calculate the remainder when 130028 is divided by 1398.
14
What is the remainder when 614591 is divided by 577?
86
What is the remainder when 50757759 is divided by 3269?
3265
What is the remainder when 2685602 is divided by 895124?
230
Calculate the remainder when 19742909 is divided by 3780.
3749
What is the remainder when 82197 is divided by 1821?
252
Calculate the remainder when 108253041 is divided by 976.
1
What is the remainder when 1504632 is divided by 2239?
24
Calculate the remainder when 5519605 is divided by 15461.
28
Calculate the remainder when 436176 is divided by 43617.
6
What is the remainder when 60761 is divided by 81?
11
What is the remainder when 335319 is divided by 1477?
40
What is the remainder when 6831543 is divided by 1444?
1423
What is the remainder when 3352443 is divided by 60?
3
Calculate the remainder when 6545959 is divided by 839.
81
Calculate the remainder when 778606 is divided by 1130.
36
What is the remainder when 4051068 is divided by 810205?
43
What is the remainder when 1919971 is divided by 51?
25
What is the remainder when 8479 is divided by 2059?
243
Calculate the remainder when 276156 is divided by 3835.
36
Calculate the remainder when 34990 is divided by 46